{"id":1252,"date":"2024-07-16T00:31:57","date_gmt":"2024-07-15T22:31:57","guid":{"rendered":"https:\/\/www.tcbremgartenag.ch\/freunde\/?page_id=1252"},"modified":"2024-07-16T00:32:00","modified_gmt":"2024-07-15T22:32:00","slug":"werde-mitglied-beim-ftb","status":"publish","type":"page","link":"https:\/\/www.tcbremgartenag.ch\/freunde\/werde-mitglied-beim-ftb\/","title":{"rendered":"werde Mitglied beim FTB"},"content":{"rendered":"<p>[et_pb_section fb_built=&#8220;1&#8243; _builder_version=&#8220;4.16&#8243; _module_preset=&#8220;default&#8220; background_color=&#8220;#E6F0F0&#8243; custom_padding=&#8220;0px||0px||false|false&#8220; animation_style=&#8220;fade&#8220; saved_tabs=&#8220;all&#8220; global_colors_info=&#8220;{}&#8220;][et_pb_row _builder_version=&#8220;4.16&#8243; _module_preset=&#8220;default&#8220; background_color=&#8220;#F0B400&#8243; width=&#8220;100%&#8220; max_width=&#8220;100%&#8220; height=&#8220;15px&#8220; custom_margin=&#8220;0px||0px||false|false&#8220; custom_padding=&#8220;0px||0px||false|false&#8220; global_colors_info=&#8220;{}&#8220;][et_pb_column type=&#8220;4_4&#8243; _builder_version=&#8220;4.16&#8243; _module_preset=&#8220;default&#8220; global_colors_info=&#8220;{}&#8220;][\/et_pb_column][\/et_pb_row][et_pb_row _builder_version=&#8220;4.16&#8243; _module_preset=&#8220;default&#8220; background_enable_color=&#8220;off&#8220; global_colors_info=&#8220;{}&#8220;][et_pb_column type=&#8220;4_4&#8243; _builder_version=&#8220;4.16&#8243; _module_preset=&#8220;default&#8220; global_colors_info=&#8220;{}&#8220;][dvmd_simple_heading content_heading=&#8220;werde Mitglied&#8220; content_subheading=&#8220;Freunde des Tennisclub Bremgarten&#8220; _builder_version=&#8220;4.26.1&#8243; _module_preset=&#8220;default&#8220; heading_fonts_level=&#8220;h1&#8243; heading_fonts_font=&#8220;|700||on|||||&#8220; heading_fonts_text_color=&#8220;#00648C&#8220; heading_fonts_font_size=&#8220;36px&#8220; custom_padding=&#8220;20px||||false|false&#8220; global_colors_info=&#8220;{}&#8220;][\/dvmd_simple_heading][\/et_pb_column][\/et_pb_row][et_pb_row _builder_version=&#8220;4.16&#8243; _module_preset=&#8220;default&#8220; background_color=&#8220;#00648C&#8220; width=&#8220;100%&#8220; max_width=&#8220;100%&#8220; height=&#8220;30px&#8220; custom_margin=&#8220;0px||0px||false|false&#8220; custom_padding=&#8220;0px||0px||false|false&#8220; global_colors_info=&#8220;{}&#8220;][et_pb_column type=&#8220;4_4&#8243; _builder_version=&#8220;4.16&#8243; _module_preset=&#8220;default&#8220; global_colors_info=&#8220;{}&#8220;][\/et_pb_column][\/et_pb_row][\/et_pb_section][et_pb_section fb_built=&#8220;1&#8243; _builder_version=&#8220;4.16&#8243; _module_preset=&#8220;default&#8220; animation_style=&#8220;fade&#8220; global_colors_info=&#8220;{}&#8220;][et_pb_row column_structure=&#8220;1_2,1_2&#8243; _builder_version=&#8220;4.26.1&#8243; _module_preset=&#8220;default&#8220; global_colors_info=&#8220;{}&#8220;][et_pb_column type=&#8220;1_2&#8243; _builder_version=&#8220;4.26.1&#8243; _module_preset=&#8220;default&#8220; global_colors_info=&#8220;{}&#8220;][et_pb_image src=&#8220;https:\/\/www.tcbremgartenag.ch\/freunde\/wp-content\/uploads\/2021\/02\/TCB_Freunde_13.jpg&#8220; title_text=&#8220;TCB_Freunde_13&#8243; _builder_version=&#8220;4.26.1&#8243; _module_preset=&#8220;default&#8220; global_colors_info=&#8220;{}&#8220;][\/et_pb_image][\/et_pb_column][et_pb_column type=&#8220;1_2&#8243; _builder_version=&#8220;4.26.1&#8243; _module_preset=&#8220;default&#8220; global_colors_info=&#8220;{}&#8220;][\/et_pb_column][\/et_pb_row][et_pb_row column_structure=&#8220;3_5,2_5&#8243; _builder_version=&#8220;4.16&#8243; background_size=&#8220;initial&#8220; background_position=&#8220;top_left&#8220; background_repeat=&#8220;repeat&#8220; locked=&#8220;off&#8220; collapsed=&#8220;off&#8220; global_colors_info=&#8220;{}&#8220;][et_pb_column type=&#8220;3_5&#8243; _builder_version=&#8220;4.16&#8243; custom_padding=&#8220;|||&#8220; global_colors_info=&#8220;{}&#8220; custom_padding__hover=&#8220;|||&#8220;][et_pb_text _builder_version=&#8220;4.16&#8243; _dynamic_attributes=&#8220;link_option_url&#8220; background_size=&#8220;initial&#8220; background_position=&#8220;top_left&#8220; background_repeat=&#8220;repeat&#8220; link_option_url=&#8220;@ET-DC@eyJkeW5hbWljIjp0cnVlLCJjb250ZW50IjoicG9zdF9saW5rX3VybF9wYWdlIiwic2V0dGluZ3MiOnsicG9zdF9pZCI6IjYwMCJ9fQ==@&#8220; global_colors_info=&#8220;{}&#8220;]<\/p>\n<h2>Willkommen im FTB<\/h2>\n<p>Hat dir der TC Bremgarten auch schon so viel Freude bereitet wie uns. Glaubst du an den Wert eines Sportvereins, sch\u00e4tzt du Jugendf\u00f6rderung und Wettkampfsport, geniesst du eine gute Infrastruktur. Trinkst du gerne mal ein feines Gl\u00e4schen Wein bei Ossobucco, Lachsforellenfilet oder indischem Curry, ein Bier bei Wurst und Brot: Dann bist du bei uns genau richtig. Freunde des Tennisclub Bremgarten (FTB) ist schlicht mehr als ein gew\u00f6hnlicher G\u00f6nnerverein: Werde Mitglied, tue Gutes und entdecke die FTB-Faszination.<\/p>\n<h2>\u00a0<\/h2>\n<h2>\u00a0<\/h2>\n<p>[\/et_pb_text][\/et_pb_column][et_pb_column type=&#8220;2_5&#8243; _builder_version=&#8220;4.16&#8243; background_color=&#8220;#E6F0F0&#8243; custom_padding=&#8220;|||&#8220; global_colors_info=&#8220;{}&#8220; custom_padding__hover=&#8220;|||&#8220;][et_pb_text _builder_version=&#8220;4.16&#8243; _module_preset=&#8220;default&#8220; header_3_font=&#8220;|600|||||||&#8220; header_3_text_align=&#8220;center&#8220; header_3_text_color=&#8220;#FFFFFF&#8220; background_color=&#8220;#00648C&#8220; custom_margin=&#8220;||||false|false&#8220; custom_padding=&#8220;15px||8px||false|false&#8220; border_radii=&#8220;off|10px|10px||&#8220; global_colors_info=&#8220;{}&#8220;]<\/p>\n<h3>Dokumente<\/h3>\n<p>[\/et_pb_text][et_pb_blurb url=&#8220;https:\/\/www.tcbremgartenag.ch\/freunde\/beitrittserklaerung-zum-ftb\/&#8220; use_icon=&#8220;on&#8220; font_icon=&#8220;&#x6c;||divi||400&#8243; icon_placement=&#8220;left&#8220; image_icon_width=&#8220;24px&#8220; _builder_version=&#8220;4.16&#8243; _module_preset=&#8220;default&#8220; header_font=&#8220;||||||||&#8220; body_text_color=&#8220;#00648C&#8220; background_color=&#8220;#FFFFFF&#8220; custom_margin=&#8220;|20px|10px|20px|false|false&#8220; custom_padding=&#8220;10px||10px|20px|false|false&#8220; link_option_url=&#8220;https:\/\/www.tcbremgartenag.ch\/freunde\/beitrittserklaerung-zum-ftb\/&#8220; link_option_url_new_window=&#8220;on&#8220; border_radii=&#8220;on|10px|10px|10px|10px&#8220; icon_font_size=&#8220;24px&#8220; global_colors_info=&#8220;{}&#8220; custom_padding__hover_enabled=&#8220;on|desktop&#8220; custom_padding__hover=&#8220;|||30px|false|false&#8220;]<\/p>\n<p>Beitrittserkl\u00e4rung<\/p>\n<p>[\/et_pb_blurb][et_pb_blurb url=&#8220;https:\/\/www.tcbremgartenag.ch\/freunde\/wp-content\/uploads\/2021\/04\/Gruendungsprotokoll-Freunde-des-TCB.pdf&#8220; url_new_window=&#8220;on&#8220; use_icon=&#8220;on&#8220; font_icon=&#8220;&#x69;||divi||400&#8243; icon_placement=&#8220;left&#8220; image_icon_width=&#8220;24px&#8220; _builder_version=&#8220;4.16&#8243; _module_preset=&#8220;default&#8220; header_font=&#8220;||||||||&#8220; body_text_color=&#8220;#00648C&#8220; background_color=&#8220;#FFFFFF&#8220; custom_margin=&#8220;|20px|10px|20px|false|false&#8220; custom_padding=&#8220;10px||10px|20px|false|false&#8220; link_option_url=&#8220;https:\/\/www.tcbremgartenag.ch\/freunde\/wp-content\/uploads\/2021\/04\/Gruendungsprotokoll-Freunde-des-TCB.pdf&#8220; link_option_url_new_window=&#8220;on&#8220; border_radii=&#8220;on|10px|10px|10px|10px&#8220; icon_font_size=&#8220;24px&#8220; global_colors_info=&#8220;{}&#8220; custom_padding__hover_enabled=&#8220;on|desktop&#8220; custom_padding__hover=&#8220;|||30px|false|false&#8220;]<\/p>\n<p><a href=\"https:\/\/www.tcbremgartenag.ch\/freunde\/wp-content\/uploads\/2021\/04\/Statuten-Freunde-des-TCB.pdf\" rel=\"attachment noopener wp-att-571\" target=\"_blank\">Statuten<\/a><\/p>\n<p>[\/et_pb_blurb][\/et_pb_column][\/et_pb_row][\/et_pb_section]<\/p>\n","protected":false},"excerpt":{"rendered":"<p><div class=\"et_pb_module dvmd_simple_heading dvmd_simple_heading_0 dvmd_sh_version_3_0_1\">\n\t\t\t\t\n\t\t\t\t\n\t\t\t\t\n\t\t\t\t\n\t\t\t\t\n\t\t\t\t\n\t\t\t\t<div class=\"et_pb_module_inner\">\n\t\t\t\t\t<h1 class=\"dvmd_simple_heading_heading\">werde Mitglied<\/h1><div class=\"dvmd_simple_heading_spacing\"><span class=\"dvmd_simple_heading_rule\"><\/span><\/div><h4 class=\"dvmd_simple_heading_subheading\">Freunde des Tennisclub Bremgarten<\/h4>\n\t\t\t\t<\/div>\n\t\t\t<\/div>Willkommen im FTB Hat dir der TC Bremgarten auch schon so viel Freude bereitet wie uns. Glaubst du an den Wert eines Sportvereins, sch\u00e4tzt du Jugendf\u00f6rderung und Wettkampfsport, geniesst du eine gute Infrastruktur. Trinkst du gerne mal ein feines Gl\u00e4schen Wein [&hellip;]<\/p>\n","protected":false},"author":3,"featured_media":0,"parent":0,"menu_order":0,"comment_status":"closed","ping_status":"closed","template":"","meta":{"_et_pb_use_builder":"on","_et_pb_old_content":"","_et_gb_content_width":"","footnotes":""},"dipi_cpt_category":[],"class_list":["post-1252","page","type-page","status-publish","hentry"],"yoast_head":"<!-- This site is optimized with the Yoast SEO plugin v27.3 - https:\/\/yoast.com\/product\/yoast-seo-wordpress\/ -->\n<title>werde Mitglied beim FTB - Freunde des Tennisclub Bremgarten<\/title>\n<meta name=\"robots\" content=\"index, follow, max-snippet:-1, max-image-preview:large, max-video-preview:-1\" \/>\n<link rel=\"canonical\" href=\"https:\/\/www.tcbremgartenag.ch\/freunde\/werde-mitglied-beim-ftb\/\" \/>\n<meta property=\"og:locale\" content=\"de_DE\" \/>\n<meta property=\"og:type\" content=\"article\" \/>\n<meta property=\"og:title\" content=\"werde Mitglied beim FTB - Freunde des Tennisclub Bremgarten\" \/>\n<meta property=\"og:description\" content=\"Willkommen im FTB Hat dir der TC Bremgarten auch schon so viel Freude bereitet wie uns. Glaubst du an den Wert eines Sportvereins, sch\u00e4tzt du Jugendf\u00f6rderung und Wettkampfsport, geniesst du eine gute Infrastruktur. Trinkst du gerne mal ein feines Gl\u00e4schen Wein [&hellip;]\" \/>\n<meta property=\"og:url\" content=\"https:\/\/www.tcbremgartenag.ch\/freunde\/werde-mitglied-beim-ftb\/\" \/>\n<meta property=\"og:site_name\" content=\"Freunde des Tennisclub Bremgarten\" \/>\n<meta property=\"article:modified_time\" content=\"2024-07-15T22:32:00+00:00\" \/>\n<meta name=\"twitter:card\" content=\"summary_large_image\" \/>\n<meta name=\"twitter:label1\" content=\"Gesch\u00e4tzte Lesezeit\" \/>\n\t<meta name=\"twitter:data1\" content=\"1\u00a0Minute\" \/>\n<script type=\"application\/ld+json\" class=\"yoast-schema-graph\">{\"@context\":\"https:\\\/\\\/schema.org\",\"@graph\":[{\"@type\":\"WebPage\",\"@id\":\"https:\\\/\\\/www.tcbremgartenag.ch\\\/freunde\\\/werde-mitglied-beim-ftb\\\/\",\"url\":\"https:\\\/\\\/www.tcbremgartenag.ch\\\/freunde\\\/werde-mitglied-beim-ftb\\\/\",\"name\":\"werde Mitglied beim FTB - Freunde des Tennisclub Bremgarten\",\"isPartOf\":{\"@id\":\"https:\\\/\\\/www.tcbremgartenag.ch\\\/freunde\\\/#website\"},\"datePublished\":\"2024-07-15T22:31:57+00:00\",\"dateModified\":\"2024-07-15T22:32:00+00:00\",\"breadcrumb\":{\"@id\":\"https:\\\/\\\/www.tcbremgartenag.ch\\\/freunde\\\/werde-mitglied-beim-ftb\\\/#breadcrumb\"},\"inLanguage\":\"de\",\"potentialAction\":[{\"@type\":\"ReadAction\",\"target\":[\"https:\\\/\\\/www.tcbremgartenag.ch\\\/freunde\\\/werde-mitglied-beim-ftb\\\/\"]}]},{\"@type\":\"BreadcrumbList\",\"@id\":\"https:\\\/\\\/www.tcbremgartenag.ch\\\/freunde\\\/werde-mitglied-beim-ftb\\\/#breadcrumb\",\"itemListElement\":[{\"@type\":\"ListItem\",\"position\":1,\"name\":\"Startseite\",\"item\":\"https:\\\/\\\/www.tcbremgartenag.ch\\\/freunde\\\/\"},{\"@type\":\"ListItem\",\"position\":2,\"name\":\"werde Mitglied beim FTB\"}]},{\"@type\":\"WebSite\",\"@id\":\"https:\\\/\\\/www.tcbremgartenag.ch\\\/freunde\\\/#website\",\"url\":\"https:\\\/\\\/www.tcbremgartenag.ch\\\/freunde\\\/\",\"name\":\"Freunde des Tennisclub Bremgarten\",\"description\":\"\",\"potentialAction\":[{\"@type\":\"SearchAction\",\"target\":{\"@type\":\"EntryPoint\",\"urlTemplate\":\"https:\\\/\\\/www.tcbremgartenag.ch\\\/freunde\\\/?s={search_term_string}\"},\"query-input\":{\"@type\":\"PropertyValueSpecification\",\"valueRequired\":true,\"valueName\":\"search_term_string\"}}],\"inLanguage\":\"de\"}]}<\/script>\n<!-- \/ Yoast SEO plugin. -->","yoast_head_json":{"title":"werde Mitglied beim FTB - Freunde des Tennisclub Bremgarten","robots":{"index":"index","follow":"follow","max-snippet":"max-snippet:-1","max-image-preview":"max-image-preview:large","max-video-preview":"max-video-preview:-1"},"canonical":"https:\/\/www.tcbremgartenag.ch\/freunde\/werde-mitglied-beim-ftb\/","og_locale":"de_DE","og_type":"article","og_title":"werde Mitglied beim FTB - Freunde des Tennisclub Bremgarten","og_description":"Willkommen im FTB Hat dir der TC Bremgarten auch schon so viel Freude bereitet wie uns. Glaubst du an den Wert eines Sportvereins, sch\u00e4tzt du Jugendf\u00f6rderung und Wettkampfsport, geniesst du eine gute Infrastruktur. Trinkst du gerne mal ein feines Gl\u00e4schen Wein [&hellip;]","og_url":"https:\/\/www.tcbremgartenag.ch\/freunde\/werde-mitglied-beim-ftb\/","og_site_name":"Freunde des Tennisclub Bremgarten","article_modified_time":"2024-07-15T22:32:00+00:00","twitter_card":"summary_large_image","twitter_misc":{"Gesch\u00e4tzte Lesezeit":"1\u00a0Minute"},"schema":{"@context":"https:\/\/schema.org","@graph":[{"@type":"WebPage","@id":"https:\/\/www.tcbremgartenag.ch\/freunde\/werde-mitglied-beim-ftb\/","url":"https:\/\/www.tcbremgartenag.ch\/freunde\/werde-mitglied-beim-ftb\/","name":"werde Mitglied beim FTB - Freunde des Tennisclub Bremgarten","isPartOf":{"@id":"https:\/\/www.tcbremgartenag.ch\/freunde\/#website"},"datePublished":"2024-07-15T22:31:57+00:00","dateModified":"2024-07-15T22:32:00+00:00","breadcrumb":{"@id":"https:\/\/www.tcbremgartenag.ch\/freunde\/werde-mitglied-beim-ftb\/#breadcrumb"},"inLanguage":"de","potentialAction":[{"@type":"ReadAction","target":["https:\/\/www.tcbremgartenag.ch\/freunde\/werde-mitglied-beim-ftb\/"]}]},{"@type":"BreadcrumbList","@id":"https:\/\/www.tcbremgartenag.ch\/freunde\/werde-mitglied-beim-ftb\/#breadcrumb","itemListElement":[{"@type":"ListItem","position":1,"name":"Startseite","item":"https:\/\/www.tcbremgartenag.ch\/freunde\/"},{"@type":"ListItem","position":2,"name":"werde Mitglied beim FTB"}]},{"@type":"WebSite","@id":"https:\/\/www.tcbremgartenag.ch\/freunde\/#website","url":"https:\/\/www.tcbremgartenag.ch\/freunde\/","name":"Freunde des Tennisclub Bremgarten","description":"","potentialAction":[{"@type":"SearchAction","target":{"@type":"EntryPoint","urlTemplate":"https:\/\/www.tcbremgartenag.ch\/freunde\/?s={search_term_string}"},"query-input":{"@type":"PropertyValueSpecification","valueRequired":true,"valueName":"search_term_string"}}],"inLanguage":"de"}]}},"_links":{"self":[{"href":"https:\/\/www.tcbremgartenag.ch\/freunde\/wp-json\/wp\/v2\/pages\/1252","targetHints":{"allow":["GET"]}}],"collection":[{"href":"https:\/\/www.tcbremgartenag.ch\/freunde\/wp-json\/wp\/v2\/pages"}],"about":[{"href":"https:\/\/www.tcbremgartenag.ch\/freunde\/wp-json\/wp\/v2\/types\/page"}],"author":[{"embeddable":true,"href":"https:\/\/www.tcbremgartenag.ch\/freunde\/wp-json\/wp\/v2\/users\/3"}],"replies":[{"embeddable":true,"href":"https:\/\/www.tcbremgartenag.ch\/freunde\/wp-json\/wp\/v2\/comments?post=1252"}],"version-history":[{"count":9,"href":"https:\/\/www.tcbremgartenag.ch\/freunde\/wp-json\/wp\/v2\/pages\/1252\/revisions"}],"predecessor-version":[{"id":1261,"href":"https:\/\/www.tcbremgartenag.ch\/freunde\/wp-json\/wp\/v2\/pages\/1252\/revisions\/1261"}],"wp:attachment":[{"href":"https:\/\/www.tcbremgartenag.ch\/freunde\/wp-json\/wp\/v2\/media?parent=1252"}],"wp:term":[{"taxonomy":"dipi_cpt_category","embeddable":true,"href":"https:\/\/www.tcbremgartenag.ch\/freunde\/wp-json\/wp\/v2\/dipi_cpt_category?post=1252"}],"curies":[{"name":"wp","href":"https:\/\/api.w.org\/{rel}","templated":true}]}}